141
List the prime factors of 614208.
2, 3, 7, 457
What are the prime factors of 5230234?
2, 2615117
What are the prime factors of 10260403?
29, 353807
What are the prime factors of 60088?
2, 7, 29, 37
List the prime factors of 356245.
5, 71249
List the prime factors of 3909993.
3, 1303331
What are the prime factors of 242022?
2, 3, 11, 19, 193
What are the prime factors of 6922121?
163, 42467
What are the prime factors of 25282249?
67, 377347
What are the prime factors of 2313962?
2, 7, 197, 839
What are the prime factors of 9333997?
19, 109, 4507
List the prime factors of 2371660.
2, 5, 118583
List the prime factors of 10240495.
5, 1097, 1867
List the prime factors of 4079139.
3, 37, 36749
List the prime factors of 827919.
3, 67, 1373
What are the prime factors of 571808?
2, 107, 167
List the prime factors of 214907.
7, 11, 2791
What are the prime factors of 5259847?
23, 61, 163
List the prime factors of 494444.
2, 71, 1741
What are the prime factors of 17372031?
3, 5790677
List the prime factors of 232186.
2, 17, 6829
List the prime factors of 643172.
2, 23, 6991
What are the prime factors of 22806287?
7, 3258041
List the prime factors of 805131.
3, 89459
List the prime factors of 567518.
2, 7, 5791
List the prime factors of 405919.
101, 4019
What are the prime factors of 6728973?
3, 757, 2963
What are the prime factors of 1431053?
13, 31, 53, 67
What are the prime factors of 25062254?
2, 7, 19, 94219
List the prime factors of 8790428.
2, 17, 257, 503
List the prime factors of 364774.
2, 182387
What are the prime factors of 453294?
2, 3, 25183
List the prime factors of 574643.
574643
List the prime factors of 664793.
664793
What are the prime factors of 55448?
2, 29, 239
List the prime factors of 1081589.
79, 13691
List the prime factors of 1914778.
2, 17, 199, 283
What are the prime factors of 506475?
3, 5, 2251
List the prime factors of 719513.
67, 10739
List the prime factors of 5183215.
5, 17, 211
What are the prime factors of 13953958?
2, 37, 101, 1867
What are the prime factors of 254514?
2, 3, 13, 251
What are the prime factors of 4115411?
17, 242083
List the prime factors of 2034095.
5, 7, 89, 653
What are the prime factors of 526014?
2, 3, 17, 191
What are the prime factors of 2578843?
47, 54869
What are the prime factors of 726455?
5, 23, 6317
List the prime factors of 21211191.
3, 2356799
List the prime factors of 412404.
2, 3, 34367
List the prime factors of 953046.
2, 3, 37, 53
What are the prime factors of 4783631?
4783631
What are the prime factors of 494756?
2, 179, 691
What are the prime factors of 16234029?
3, 7, 127, 2029
List the prime factors of 9714314.
2, 79, 61483
What are the prime factors of 114745?
5, 53, 433
List the prime factors of 2315235.
3, 5, 13, 31, 383
List the prime factors of 188741.
7, 59, 457
List the prime factors of 121905.
3, 5, 7, 43
List the prime factors of 124052.
2, 31013
What are the prime factors of 3478754?
2, 1739377
What are the prime factors of 3842?
2, 17, 113
What are the prime factors of 1084068?
2, 3, 30113
List the prime factors of 231570.
2, 3, 5, 31, 83
List the prime factors of 7964887.
7, 103, 11047
What are the prime factors of 4879262?
2, 71, 34361
What are the prime factors of 2924375?
5, 4679
List the prime factors of 857702.
2, 428851
What are the prime factors of 140158?
2, 70079
List the prime factors of 159715.
5, 17, 1879
List the prime factors of 6074613.
3, 674957
What are the prime factors of 145442?
2, 11, 601
List the prime factors of 1888781.
457, 4133
What are the prime factors of 2339083?
373, 6271
List the prime factors of 237342.
2, 3, 7, 5651
List the prime factors of 6100701.
3, 29, 70123
What are the prime factors of 9657023?
9657023
List the prime factors of 524259.
3, 19417
What are the prime factors of 615255?
3, 5, 41017
List the prime factors of 5601033.
3, 622337
What are the prime factors of 6674?
2, 47, 71
List the prime factors of 32107964.
2, 7, 1146713
What are the prime factors of 726096?
2, 3, 7, 2161
What are the prime factors of 310270?
2, 5, 19, 23, 71
List the prime factors of 16809492.
2, 3, 7, 83, 2411
What are the prime factors of 4692300?
2, 3, 5, 15641
List the prime factors of 428093.
428093
List the prime factors of 13675492.
2, 59, 57947
List the prime factors of 11153295.
3, 5, 27539
What are the prime factors of 682908?
2, 3, 56909
List the prime factors of 378201.
3, 126067
What are the prime factors of 9797374?
2, 4898687
List the prime factors of 43399.
43399
List the prime factors of 132252.
2, 3, 103, 107
List the prime factors of 16022149.
11, 13, 19, 5897
List the prime factors of 1316072.
2, 17, 9677
What are the prime factors of 1983808?
2, 139, 223
List the prime factors of 11513420.
2, 5, 17, 33863
List the prime factors of 43090.
2, 5, 31, 139
What are the prime factors of 7864612?
2, 7, 280879
List the prime factors of 170640.
2, 3, 5, 79
What are the prime factors of 13155752?
2, 19, 41, 2111
List the prime factors of 224928.
2, 3, 11, 71
List the prime factors of 863623.
211, 4093
What are the prime factors of 10552386?
2, 3, 13, 59, 2293
List the prime factors of 861910.
2, 5, 7, 1759
What are the prime factors of 3355316?
2, 31, 27059
List the prime factors of 4913560.
2, 5, 122839
What are the prime factors of 7105920?
2, 3, 5, 3701
What are the prime factors of 16054111?
1669, 9619
List the prime factors of 144160.
2, 5, 17, 53
List the prime factors of 119561.
13, 17, 541
List the prime factors of 3608927.
7, 31, 16631
What are the prime factors of 18654453?
3, 29, 71473
What are the prime factors of 61943?
7, 8849
What are the prime factors of 15795644?
2, 3948911
What are the prime factors of 333933?
3, 79, 1409
List the prime factors of 2575709.
1277, 2017
What are the prime factors of 527477?
173, 3049
List the prime factors of 5546356.
2, 109, 12721
List the prime factors of 210807.
3, 59, 397
What are the prime factors of 440970?
2, 3, 5, 14699
What are the prime factors of 60264?
2, 3, 31
List the prime factors of 1083005.
5, 7, 11, 29, 97
List the prime factors of 91319.
53, 1723
What are the prime factors of 253758?
2, 3, 42293
List the prime factors of 711480.
2, 3, 5, 7, 11
List the prime factors of 44440.
2, 5, 11, 101
What are the prime factors of 209487?
3, 69829
List the prime factors of 5909884.
2, 541, 2731
What are the prime factors of 2769472?
2, 109, 397
List the prime factors of 89016.
2, 3, 3709
List the prime factors of 452620.
2, 5, 7, 53, 61
List the prime factors of 3830108.
2, 659, 1453
List the prime factors of 33274751.
433, 76847
What are the prime factors of 15378687?
3, 569581
What are the prime factors of 7015681?
37, 189613
What are the prime factors of 11732776?
2, 11, 133327
What are the prime factors of 41640645?
3, 5, 97, 28619
What are the prime factors of 125777?
125777
List the prime factors of 451694.
2, 449, 503
List the prime factors of 1537269.
3, 107, 4789
List the prime factors of 5171886.
2, 3, 287327
What are the prime factors of 13856851?
113, 149, 823
What are the prime factors of 2438203?
2438203
List the prime factors of 1306880.
2, 5, 1021
What are the prime factors of 5354370?
2, 3, 5, 7, 2833
What are the prime factors of 105409?
23, 4583
List the prime factors of 966601.
251, 3851
What are the prime factors of 127912?
2, 59, 271
What are the prime factors of 148136?
2, 18517
List the prime factors of 3733762.
2, 131, 14251
List the prime factors of 14806786.
2, 47, 157519
List the prime factors of 620978.
2, 310489
What are the prime factors of 2771518?
2, 41, 73, 463
What are the prime factors of 495258?
2, 3, 197, 419
What are the prime factors of 3451820?
2, 5, 107, 1613
What are the prime factors of 7502?
2, 11, 31
List the prime factors of 36000962.
2, 197, 91373
List the prime factors of 1761172.
2, 7, 31, 2029
List the prime factors of 1772225.
5, 7, 13, 19, 41
List the prime factors of 300515.
5, 60103
List the prime factors of 419338.
2, 209669
List the prime factors of 1230618.
2, 3, 205103
What are the prime factors of 1112634?
2, 3, 61813
What are the prime factors of 8505152?
2, 132893
What are the prime factors of 3394319?
419, 8101
What are the prime factors of 31367167?
13, 43, 56113
List the prime factors of 121853.
121853
What are t